se -2*u = 2*i + 72, -u - 3*u = -i - 26. Let d = 78 + i. Suppose -4*f + 16 = -d. What is the highest common factor of 135 and f?
15
Let j(c) = -132*c + 3. Let d be j(-1). Suppose 14*s = 24*s - 750. Calculate the greatest common factor of s and d.
15
Let m be -3*(28/18)/(4/(-6)). Suppose -m*j + 30 = -2*j. Suppose -3 = -4*u + 5. Calculate the greatest common factor of j and u.
2
Let g(d) = -13*d**2 - 3*d**3 - 63*d - 17*d**2 + 4*d**3 - 86 + 71. Let j be g(32). What is the greatest common factor of 1 and j?
1
Suppose w + 4*g + 1 = 16, 5*w + 3*g - 7 = 0. Let f(r) = r + 21. Let u be f(-12). Let z be -3*(w + (-51)/u). What is the highest common factor of 220 and z?
20
Suppose 37955*r - 362516 = 37933*r. What is the greatest common divisor of 154 and r?
154
Suppose -48 = -3*r - 9*r. Suppose 3*b = -2*y + 17, 74 = r*y - 2*b - 0*b. What is the highest common divisor of y and 64?
16
Let q be (294/(-24))/(3/(-612)). What is the greatest common divisor of q and 49?
49
Suppose 29*o = -83 + 25. Let w be (-14)/(-35) - ((-232)/(-10))/o. Let h = 10 - 1. Calculate the greatest common factor of w and h.
3
Suppose -5*g - o + 83 = o, 0 = -3*g + 4*o + 29. Let c(w) = 5*w**2 - 9*w + 17. Let b be c(6). Let n = -68 + b. What is the greatest common divisor of n and g?
15
Suppose 391*m + r + 10480 = 396*m, 4*r - 10455 = -5*m. What is the greatest common factor of m and 5?
5
Let c be (-114)/4*(-28 - -24). What is the greatest common factor of c and 18?
6
Let c(k) = 2*k**3 + 11*k**2 + 12*k + 35. Let f be c(-5). Suppose -u + 88 + 108 = -4*n, f = -u + n + 199. Calculate the highest common factor of u and 900.
100
Let n be ((-40)/(-8))/((-4)/(6 + -122)). Calculate the greatest common divisor of 377 and n.
29
Let i(s) = -95*s + 2129. Let d be i(15). Calculate the highest common divisor of d and 649.
11
Let w = -192 + 194. Suppose 5*x - 79 = y, w*y + 95 = 5*x - 3*y. What is the highest common factor of x and 555?
15
Let h be (-3576)/(-15) + 92/(-230). What is the highest common divisor of 49 and h?
7
Let p(r) = -327*r - 11189. Let n be p(-35). Let q = -18 - -34. Calculate the greatest common factor of q and n.
16
Let t be 329382/1827 + 24/14. What is the greatest common factor of 350 and t?
14
Let z = 16645 + -14276. What is the greatest common factor of z and 23?
23
Let q(j) = 10*j**3 - 2*j**2 + 2*j - 1. Let d = -4 - -5. Let o be q(d). Suppose 41*z = 43*z - 198. Calculate the greatest common factor of o and z.
9
Let t be (-686)/(-12) + -7 + 287/42. Suppose t*x - 52*x = 75. Calculate the greatest common divisor of 45 and x.
15
Suppose -26*t - 190 = -21*t. Let q = 45 + t. Let o(y) = 29*y**2 - 1. Let z be o(1). Calculate the highest common divisor of z and q.
7
Suppose -1313 = -4*q + 3*a + 1780, 2*q - a - 1543 = 0. What is the highest common divisor of 64 and q?
64
Suppose w + 3*w + t = 9595, 2*w - 4810 = 2*t. Calculate the highest common divisor of 72 and w.
24
Let n be (-4)/2 + 3 + 3. Let j = 7 - -15. What is the highest common divisor of j and n?
2
Suppose 0 = -3*h + a + 244, 5*h - 3*a = 547 - 139. Let y be 18/(-1 - 1)*-12. What is the highest common divisor of h and y?
27
Suppose o = 5*o - 92. Let n(f) = -67*f - 377. Let g be n(-7). Calculate the highest common factor of g and o.
23
Suppose 84*a - 2*a = 119310. Calculate the greatest common factor of 2231 and a.
97
Let z be (-1)/3 - (-7)/3. Let j be ((-6)/4 + 21/18)*-96. Let o be (12/(432/(-45)))/((-2)/j). Calculate the greatest common factor of o and z.
2
Let n be 2/((-32)/54)*-2062*4. Suppose -50*k + 3663 = -n. What is the greatest common divisor of k and 21?
21
Suppose 39 = 3*a - 54. Let z(f) = -71 - 21*f + 47*f - a*f. Let j be z(-16). Calculate the highest common divisor of 3 and j.
3
Let o(r) = 50*r - 10. Let v be o(2). Suppose -76*p + v = -71*p. What is the highest common factor of 63 and p?
9
Let p be (-2 - -2 - (-36)/(-5))/((-2060)/7725). Let r(q) = 4*q**3 - 6*q**2 - 6*q + 9. Let z be r(6). Calculate the greatest common factor of z and p.
27
Let m(p) = -p**3 + 143*p**2 - 684*p - 352. Let z be m(138). What is the greatest common factor of 7259 and z?
119
Let p(h) = -399*h - 9272. Let z be p(-24). What is the highest common factor of z and 1424?
16
Suppose 0 = -y - 4*a - 0*a + 328, 3*y + 5*a = 956. What is the greatest common divisor of y and 3588?
156
Suppose 33*s = 6*s - 135. Let h be (s - 371/(-77)) + 532/22. Let a = 126 - -18. What is the highest common factor of a and h?
24
Let a = 851 + -515. Let x(j) = 1171*j - 30439. Let v be x(26). What is the greatest common divisor of v and a?
7
Let j = 30 + 10. Let z = -24 + 21. Let c = 5 - z. Calculate the highest common divisor of c and j.
8
Suppose -g + 409 = 31. Suppose 3*l - g = -11*l. Calculate the greatest common factor of 243 and l.
27
Let u(f) = -17*f + 995. Let x be u(58). Calculate the greatest common divisor of x and 441.
9
Let w = -12429 - -12493. What is the greatest common divisor of w and 196?
4
Let y(q) = 839*q**2 + 221*q + 672. Let n be y(-3). What is the greatest common factor of n and 672?
168
Suppose -2*b + h = -31487, -4*b + 62986 = 558*h - 556*h. What is the greatest common divisor of b and 134?
67
Let c(k) = -k**3 + 4*k**2 - 2*k - 1. Let v = 6 + -3. Let o be c(v). Let x = -3615 + 3617. Calculate the highest common factor of o and x.
2
Let o(l) = l**3 + 6*l**2 + 5*l + 1. Let x be o(-5). Let s = -19 - 16. Let q = s + 36. Calculate the greatest common factor of q and x.
1
Suppose 149 + 291 = 11*u. Let w be ((-5)/(-25))/((-1)/5). Let f be (-4 - w)*(-96)/18. Calculate the greatest common divisor of f and u.
8
Let u(v) = -13*v + 417. Let q be u(5). What is the greatest common divisor of 11 and q?
11
Let m(d) = 3*d**2 - 2*d + 5. Let c be m(4). Let u = 1582 + -1483. Suppose -8*l = -u - 45. What is the greatest common divisor of c and l?
9
Let t be (-46 + 79 + -32)/(-2*1/(-53246)). What is the highest common factor of 79 and t?
79
Let c = 524 - 227. Suppose 3*t + o = c, -4*o = -t + 4*t - 306. Let q(g) = 83*g - 253. Let l be q(6). What is the highest common divisor of t and l?
49
Let g(x) = x**3 - 22*x**2 + 23. Suppose 17*i - 132 = 11*i. Let r be g(i). What is the highest common divisor of 184 and r?
23
Let v = 11 + -5. Suppose v*s + 4554 = -5526. Let q be ((0 + 3)*1)/((-72)/s). Calculate the greatest common factor of q and 14.
14
Suppose 6205 = 14*s - 5457. Calculate the highest common factor of s and 799.
17
Let i(q) = q**2 - 6*q - 88. Let m be i(13). Suppose -340 = -2*p - m*p. Calculate the highest common factor of p and 238.
34
Suppose 0 = -v + 4*v - 12. Let b(w) = 4*w + 62. Let q be b(14). Let g = 146 - q. What is the highest common divisor of v and g?
4
Let a = 296654 - 296647. Let g = 640 - 59. What is the greatest common factor of a and g?
7
Suppose -3*f + 26 + 58 = 0. Let p(m) = -m + 19. Let x be p(5). What is the highest common divisor of x and f?
14
Suppose 3*b - b - 4 = 0. Let r = -94 - -98. Suppose -r*j - g + 204 = 55, -b*j = 2*g - 70. Calculate the greatest common divisor of j and 19.
19
Suppose -128*t = -27131 - 4101. Calculate the greatest common factor of t and 5856.
244
Let t be 302/4 + (-2)/4. Suppose -360*k = 820*k + 532*k - 273*k - 129510. Calculate the highest common divisor of t and k.
15
Let x(f) = -6*f**2 + 76*f + 11. Let b be x(16). Let r = 484 + b. What is the highest common factor of r and 105?
35
Let a(n) = n**3 + 93*n**2 + 1013*n + 166. Let d be a(-75). Calculate the highest common factor of 494 and d.
247
Suppose -1136 = -56*q - 128. What is the highest common divisor of q and 6075?
9
Let x(b) = -3*b - 39. Let r be ((-4)/(-6))/((-7)/84). Let u be x(r). Let t be (1 - 3)*(-1 - u/(-2)). Calculate the greatest common factor of t and 85.
17
Suppose -154*r + 68*r + 49880 = 0. What is the greatest common divisor of r and 348?
116
Let o = -646 - -650. Suppose 2*b + o = -0*r - 4*r, -26 = -5*b - r. What is the greatest common divisor of 14 and b?
2
Let a(x) = -x**2 + 22*x + 4. Suppose 5 + 17 = i - 5*k, 4*i + 2*k - 44 = 0. Let n be a(i). Calculate the highest common divisor of 4 and n.
4
Let q = 15 - 11. Suppose 0 = k + k + 3*w, -w = 2*k - 4. Suppose -2*d - k*d + 152 = -2*z, z + 124 = q*d. Calculate the greatest common divisor of d and 8.
8
Suppose -9*q + 505 = 2206. Let j = 420 + q. Let k be 2 + 21 - 4/2. What is the highest common diviso